302a2 + -1a9?
3300a4
In base 14, what is -13c552c + 2?
-13c552a
In base 10, what is -123 + -57422?
-57545
In base 3, what is -101011200 - -20001212?
-11002211
In base 4, what is -12332102111 + -2?
-12332102113
In base 12, what is -b9a5 + 26aa?
-92b7
In base 11, what is 1077 + -a75?
102
In base 12, what is 54 - -86682?
86716
In base 11, what is -25207775 + -3?
-25207778
In base 13, what is -209a - a337?
-c404
In base 10, what is 71799271 - 4?
71799267
In base 4, what is 11 - 223300000322?
-223300000311
In base 5, what is 1430241421 + 20?
1430241441
In base 5, what is 2211 + -342410100?
-342402334
In base 5, what is -420 - -1103332?
1102412
In base 11, what is 6493 - -506a?
10552
In base 9, what is 552 + -75184?
-74532
In base 7, what is -4 - 10330224?
-10330231
In base 12, what is -11b9527 - 21?
-11b9548
In base 15, what is -20b0c4 + -b?
-20b0d0
In base 7, what is -3055521 + 1000?
-3054521
In base 9, what is 31051 - -5832?
36883
In base 11, what is -52a620 + -20?
-52a640
In base 9, what is 33 + -6214413?
-6214370
In base 11, what is 2 + -185899a0?
-18589999
In base 14, what is -5 - -185b5d?
185b58
In base 9, what is -224131 + 160?
-223861
In base 15, what is -5 - 1455c93b?
-1455c941
In base 2, what is -1101110100110100111110110 - 1?
-1101110100110100111110111
In base 11, what is -865285 + -14?
-865299
In base 15, what is a46dce9 + -2?
a46dce7
In base 4, what is 13021 - 2311031221?
-2311012200
In base 12, what is 1b14a83 + -4?
1b14a7b
In base 9, what is -4 - 450572833?
-450572837
In base 13, what is 4 + -7335161?
-733515a
In base 16, what is 163fec3 + 12?
163fed5
In base 8, what is -1047 + -453400?
-454447
In base 13, what is 3a + -cab662?
-cab625
In base 15, what is 1074da5 - 3?
1074da2
In base 2, what is -10011111100011110 - 1100101?
-10011111110000011
In base 12, what is -194b1bb + -1?
-194b200
In base 9, what is 145545566 + 3?
145545570
In base 2, what is 101000001011100111011000101 - 10?
101000001011100111011000011
In base 2, what is 101110010101111110110 + 10000010?
101110010110001111000
In base 16, what is dc + -1eb62?
-1ea86
In base 16, what is 25 - 5631b9?
-563194
In base 11, what is 33056822 - 5?
33056818
In base 5, what is -21033 + -104130?
-130213
In base 16, what is -3427 + 4f1?
-2f36
In base 10, what is -2 - 2311417?
-2311419
In base 4, what is -10 - -13210001301?
13210001231
In base 11, what is -4 + 11a54528?
11a54524
In base 2, what is -1010001111011010110 - 1001011001?
-1010010000100101111
In base 2, what is -1 + -111000000100000100101100010?
-111000000100000100101100011
In base 2, what is 11 + -101111111110010101010101?
-101111111110010101010010
In base 7, what is 64014431 + 16?
64014450
In base 6, what is -31140024 - -54?
-31135530
In base 13, what is 1c10 + -124?
1ab9
In base 8, what is 147 - 211325?
-211156
In base 16, what is 90fa + -132?
8fc8
In base 12, what is -806 - -33771?
32b67
In base 10, what is 17004 - 6792?
10212
In base 16, what is 12fb59 - 1d?
12fb3c
In base 15, what is -9c41 + e6?
-9b4a
In base 6, what is 3 + 131332535?
131332542
In base 6, what is -1024 - -13305530?
13304502
In base 5, what is 2313312 + 122420?
2441232
In base 15, what is 3 - -d4b6e3c?
d4b6e40
In base 5, what is -3 - 42033013114?
-42033013122
In base 15, what is -3eb39b - -7?
-3eb394
In base 16, what is 1239577 + 3?
123957a
In base 13, what is -b034a - -25?
-b0325
In base 11, what is 0 - -6a92781?
6a92781
In base 5, what is -30301200322 + -1?
-30301200323
In base 9, what is 16303347 - -4?
16303352
In base 3, what is -11112 - 100122011222?
-100122100111
In base 2, what is 100111001111000000111100101 + 110?
100111001111000000111101011
In base 14, what is 2 - -260663?
260665
In base 4, what is -1112233113 - 13220?
-1112312333
In base 6, what is -504120455 - 5?
-504120504
In base 10, what is -380 + 9688?
9308
In base 8, what is 46755 - 14666?
32067
In base 7, what is 3304134 + -65?
3304036
In base 11, what is 19182 - 37a?
18903
In base 13, what is -51 - -1a54?
1a03
In base 16, what is -4e92bb + 1?
-4e92ba
In base 16, what is -12 + a8d6?
a8c4
In base 16, what is 678336 + -5?
678331
In base 9, what is 5763788 - -10?
5763808
In base 12, what is 374b6 - 150?
37366
In base 11, what is -6 - -2a083311?
2a083306
In base 12, what is 122a7 + 19?
12304
In base 15, what is 531c42 + -1?
531c41
In base 13, what is 106 - -154b?
1654
In base 16, what is -5 - 1f9efe?
-1f9f03
In base 2, what is -101000100001111010100000 + -1?
-101000100001111010100001
In base 2, what is 11 + 11001001111100101010011?
11001001111100101010110
In base 15, what is -b + -1dca4?
-1dcb0
In base 11, what is 195 - -59964?
5a049
In base 2, what is 0 + 111011101000011000000011110?
111011101000011000000011110
In base 14, what is 73a - 28?
712
In base 11, what is -a3 - 144683?
-144776
In base 9, what is -51553256 + -1?
-51553257
In base 11, what is -18993 - -1291?
-17702
In base 15, what is -6e5 + -bd4?
-13c9
In base 11, what is -5 - 6560778?
-6560782
In base 16, what is -297 + -3872?
-3b09
In base 8, what is -6072 + -26412?
-34504
In base 16, what is 16 - 104fef?
-104fd9
In base 5, what is -2340322 - -414033?
-1421234
In base 13, what is 9 + 10bab95?
10baba1
In base 15, what is 117b1 - -2e3?
11aa4
In base 16, what is 56652 - 11b?
56537
In base 13, what is -2ac296 + -55?
-2ac31b
In base 12, what is -4a7 - -89a30?
89545
In base 2, what is -100110001001011 - -10000111111001?
-10101001010010
In base 9, what is -4084686 + -1?
-4084687
In base 6, what is -1530224 - 12?
-1530240
In base 3, what is -10001110110210 - 212?
-10001110111122
In base 12, what is 33 - 766b4?
-76681
In base 2, what is -100001000110110110101001 - 110?
-100001000110110110101111
In base 2, what is 101101011011001101011 - -1110?
101101011011001111001
In base 15, what is -29 + 2cea8?
2ce7e
In base 7, what is -26 - 2123402?
-2123431
In base 9, what is -114 + -14511141?
-14511255
In base 14, what is b - 395097c?
-3950971
In base 13, what is b05b304b + -3?
b05b3048
In base 9, what is 12876 + 5716?
18703
In base 2, what is 1000100011001001111111010 - 100?
1000100011001001111110110
In base 4, what is 3322212203 + 22?
3322212231
In base 14, what is 69 - -6a453?
6a4bc
In base 14, what is b30d + 4dd9?
12308
In base 3, what is -2111021211 + 111210?
-2110210001
In base 9, what is 1430730 - 260?
1430460
In base 6, what is -1 + -503330132?
-503330133
In base 10, what is 38278764 - -5?
38278769
In base 11, what is -2919714 + 3?
-2919711
In base 8, what is 52543 - 572?
51751
In base 12, what is -4801974 + 18?
-4801958
In base 14, what is 6 - 11a453?
-11a44b
In base 5, what is 4 + -440033214?
-440033210
In base 15, what is -3 + a2259b8?
a2259b5
In base 10, what is -2427 + 256747?
254320
In base 6, what is -1100 - 20052524?
-20054024
In base 3, what is -1001020 - -11202112200?
11201111110
In base 9, what is 114201880 - -4?
114201884
In base 4, what is 10 + -1012113110312?
-1012113110302
In base 6, what is 205233145 + -22?
205233123
In base 11, what is -3 + 6a001864?
6a001861
In base 3, what is -2211 - -221021102202?
221021022221
In base 11, what is 31538989 + -5?
31538984
In base 3, what is -11 + -101201102201002?
-101201102201020
In base 10, what is -42 - 257508?
-257550
In base 16, what is 19e + -b88a?
-b6ec
In base 14, what is 341da89 + 0?
341da89
In base 7, what is 20 + -201020332?
-201020312
In base 11, what is -582 + 236842?
236270
In base 2, what is -101001111111111101011101 + -11?
-101001111111111101100000
In base 7, what is -15 + 22311250?
22311232
In base 12, what is 0 - 1650a3?
-1650a3
In base 13, what is 2 + 104005a?
104005c
In base 9, what is -53 - -16740?
16676
In base 15, what is 2b4 + 123c?
1501
In base 2, what is -101110111101 - -100001111100?
-1101000001
In base 16, what is -9 + 568a0?
56897
In base 16, what is -1 + -a56224?
-a56225
In base 7, what is -23445 - 302401?
-326146
In base 3, what is 111112202012221120 + -10?
111112202012221110
In base 7, what is -1325434336 - 5?
-1325434344
In base 16, what is -14fbb + 57?
-14f64
In base 8, what is -774 - -3104405?
3103411
In base 8, what is 5 - 11566524?
-11566517
In base 12, what is 2b191428 + 3?
2b19142b
In base 7, what is 25501212 - -10?
25501222
In base 10, what is 414680 + -1912?
412768
In base 11, what is 1 - -19648501?
19648502
In base 5, what is 3432002000 - 0?
343200200